se 12?
2
What is 0 (base 3) in base 8?
0
-1100110 (base 2) to base 16
-66
What is 3 (base 11) in base 3?
10
What is -7 (base 14) in base 5?
-12
What is 212 (base 5) in base 2?
111001
What is 60 (base 16) in base 8?
140
What is 134 (base 10) in base 6?
342
Convert 88 (base 14) to base 5.
440
Convert -330 (base 4) to base 2.
-111100
-112 (base 8) to base 14
-54
What is 37 (base 12) in base 6?
111
What is 2 (base 14) in base 10?
2
What is -6 (base 10) in base 3?
-20
What is -c (base 16) in base 5?
-22
95 (base 11) to base 15
6e
What is 1 (base 12) in base 7?
1
Convert -2 (base 15) to base 4.
-2
-3 (base 10) to base 8
-3
Convert -1001100 (base 2) to base 14.
-56
-89 (base 14) to base 12
-a1
Convert -2 (base 10) to base 2.
-10
11 (base 6) to base 3
21
Convert 1022 (base 3) to base 12.
2b
What is bc (base 16) in base 6?
512
2 (base 3) to base 5
2
What is -13 (base 12) in base 9?
-16
What is 20 (base 13) in base 11?
24
10 (base 5) to base 4
11
Convert 154 (base 9) to base 2.
10000010
Convert -34 (base 15) to base 5.
-144
Convert -cc (base 16) to base 3.
-21120
-1302 (base 5) to base 9
-244
What is 0 (base 14) in base 10?
0
What is 302 (base 4) in base 9?
55
Convert 8 (base 12) to base 10.
8
Convert -8 (base 12) to base 11.
-8
What is 52 (base 12) in base 8?
76
What is -38 (base 10) in base 12?
-32
d7 (base 14) to base 13
117
Convert -11200 (base 3) to base 16.
-7e
Convert 13 (base 9) to base 5.
22
Convert -3 (base 10) to base 11.
-3
What is -3a (base 11) in base 10?
-43
Convert -33 (base 13) to base 15.
-2c
What is -20 (base 15) in base 8?
-36
Convert 40 (base 5) to base 7.
26
Convert -2 (base 7) to base 8.
-2
Convert b1 (base 14) to base 3.
12202
76 (base 10) to base 5
301
21 (base 3) to base 4
13
-2 (base 7) to base 3
-2
Convert 1 (base 3) to base 4.
1
What is 4 (base 6) in base 12?
4
Convert e (base 16) to base 13.
11
What is 60 (base 16) in base 7?
165
What is 1 (base 6) in base 3?
1
Convert 12 (base 9) to base 16.
b
What is -14 (base 6) in base 5?
-20
-6e (base 16) to base 3
-11002
What is -20 (base 13) in base 9?
-28
What is 3 (base 4) in base 16?
3
What is 34 (base 5) in base 11?
18
What is 2 (base 16) in base 14?
2
-55 (base 8) to base 13
-36
-2 (base 4) to base 13
-2
What is 207 (base 9) in base 11?
144
Convert -3 (base 13) to base 5.
-3
What is a7 (base 16) in base 15?
b2
-51 (base 15) to base 11
-6a
Convert 2 (base 5) to base 6.
2
What is 8 (base 14) in base 9?
8
-19 (base 12) to base 6
-33
10 (base 3) to base 9
3
What is -2 (base 9) in base 7?
-2
What is 1 (base 16) in base 7?
1
Convert -1 (base 9) to base 3.
-1
What is cc (base 16) in base 10?
204
2 (base 14) to base 13
2
22 (base 9) to base 11
19
What is 9 (base 11) in base 2?
1001
What is -5 (base 9) in base 12?
-5
Convert -156 (base 11) to base 13.
-110
-3a (base 13) to base 4
-301
Convert -132 (base 8) to base 13.
-6c
-2 (base 5) to base 10
-2
-1 (base 2) to base 13
-1
Convert 313 (base 6) to base 9.
140
-201 (base 6) to base 10
-73
Convert -14 (base 8) to base 12.
-10
What is 30 (base 14) in base 7?
60
What is 73 (base 9) in base 11?
60
What is 3123 (base 4) in base 6?
1003
Convert 5 (base 7) to base 14.
5
-402 (base 5) to base 6
-250
3 (base 16) to base 3
10
What is 0 (base 4) in base 14?
0
Convert 41 (base 5) to base 8.
25
What is 127 (base 14) in base 4?
3213
What is -151 (base 12) in base 4?
-3031
6a (base 11) to base 5
301
What is -226 (base 11) in base 13?
-17a
Convert 11 (base 2) to base 12.
3
23 (base 4) to base 15
b
a (base 13) to base 10
10
What is -247 (base 8) in base 16?
-a7
Convert 1 (base 11) to base 12.
1
Convert -2e (base 15) to base 12.
-38
Convert -47 (base 8) to base 7.
-54
-6 (base 10) to base 6
-10
Convert -30 (base 4) to base 15.
-c
Convert -66 (base 14) to base 4.
-1122
What is -5 (base 9) in base 10?
-5
Convert -1 (base 14) to base 13.
-1
Convert 130 (base 9) to base 16.
6c
What is -313 (base 4) in base 5?
-210
-22 (base 5) to base 8
-14
-16 (base 13) to base 15
-14
What is 121 (base 7) in base 15?
44
0 (base 14) to base 12
0
What is -10 (base 4) in base 5?
-4
4 (base 8) to base 2
100
-13 (base 5) to base 11
-8
-1 (base 8) to base 3
-1
What is -2 (base 11) in base 16?
-2
Convert -2 (base 6) to base 7.
-2
What is -4 (base 14) in base 11?
-4
What is 5 (base 12) in base 2?
101
What is -1 (base 13) in base 7?
-1
Convert 9 (base 16) to base 15.
9
What is 11 (base 8) in base 2?
1001
Convert 101100 (base 2) to base 4.
230
What is 1000011 (base 2) in base 5?
232
161 (base 10) to base 8
241
-112 (base 4) to base 6
-34
What is 101 (base 2) in base 12?
5
Convert 143 (base 8) to base 10.
99
Convert -3 (base 11) to base 12.
-3
-2 (base 7) to base 8
-2
74 (base 15) to base 2
1101101
310 (base 4) to base 15
37
What is 3 (base 16) in base 7?
3
Convert 0 (base 15) to base 5.
0
-d (base 14) to base 12
-11
3 (base 13) to base 3
10
What is -3 (base 15) in base 11?
-3
-1 (base 9) to base 6
-1
47 (base 12) to base 3
2001
What is 12 (base 11) in base 12?
11
Convert -2 (base 7) to base 2.
-10
What is -2020 (base 3) in base 16?
-3c
1313 (base 4) to base 10
119
4 (base 8) to base 12
4
What is -14 (base 5) in base 6?
-13
Convert 12 (base 10) to base 2.
1100
What is -ab (base 14) in base 8?
-227
Convert 5 (base 8) to base 2.
101
What is -4 (base 9) in base 6?
-4
5b (base 15) to base 6
222
Convert 4 (base 14) to base 10.
4
41 (base 8) to base 14
25
What is -11 (base 3) in base 9?
-4
-18 (base 11) to base 15
-14
What is 10 (base 5) in base 12?
5
111 (base 6) to base 14
31
-123 (base 4) to base 15
-1c
52 (base 7) to base 10
37
0 (base 5) to base 13
0
Convert -110 (base 2) to base 4.
-12
What is 9 (base 15) in base 5?
14
What is 32 (base 5) in base 7?
23
-233 (base 4) to base 14
-35
Convert -130 (base 4) to base 15.
-1d
6 (base 10) to base 4
12
-67 (base 14) to base 12
-77
What is -414 (base 5) in base 9?
-131
1 (base 10) to base 8
1
3 (base 13) to base 14
3
What is 4 (base 12) in base 16?
4
-1011 (base 2) to base 14
-b
3 (base 15) to base 11
3
What is -141 (base 5) in base 15?
-31
Convert 2 (base 12) to base 5.
2
-100 (base 3) to base 10
-9
What is 1 (base 13) in base 14?
1
What is -111210 (base 3) in base 7?
-1041
1222 (base 3) to base 7
104
-1a (base 16) to base 2
-11010
Convert 1 (base 4) to base 2.
1
What is 55 (base 6) in base 12?
2b
13 (base 7) to base 10
10
Convert -1311 (base 4) to base 14.
-85
Convert -31 (base 15) to base 14.
-34
What is 50 (base 6) in base 16?
1e
2 (base 13) to base 8
2
What is 35 (base 14) in base 7?
65
-18 (base 11) to base 12
-17
Convert 1001 (base 2) to base 15.
9
Convert -113 (base 5) to base 11.
-30
-5 (base 16) to base 7
-5
What is -17 (base 10) in base 6?
-25
Convert 0 (base 5) to base 16.
0
-8 (base 9) to base 2
-1000
What is -1 (base 5) in base 13?
-1
-1110 (base 3) to base 12
-33
Convert -11202 (base 3) to base 5.
-1003
What is 3 (base 16) in base 5?
3
What is -88 (base 13) in base 9?
-134
Convert -110 (base 2) to base 11.
-6
Convert 26 (base 8) to base 2.
10110
Convert 3 (base 10) to base 11.
3
Convert 121 (base 3) to base 12.
14
What is 231 (base 11) in base 10?
276
1 (base 15) to base 13
1
What is -24 (base 7) in base 10?
-18
What is a (base 14) in base 2?
1010
0 (base 13) to base 10
0
Convert 1 (base 5) to base 15.
1
Convert 241 (base 6) to base 14.
6d
Convert -62 (base 7) to base 10.
-44
Convert 3 (base 14) to base 4.
3
Convert -100110 (base 2) to base 12.
-32
Convert -1 (base 13) to base 2.
-1
Convert 38 (base 11) to base 3.
1112
What is -22 (base 7) in base 11?
-15
What is 211 (base 4) in base 3?
1101
What is -49 (base 10) in base 11?
-45
What is 32 (base 11) in base 14?
27
Convert 213 (base 7) to base 10.
108
Convert -1011100 (base 2) to base 9.
-112
-212 (base 10) to base 7
-422
Convert -8 (base 16) to base 13.
-8
1010 (base 2) to base 10
10
-21 (base 11) to base 16
-17
Convert -1b (base 12) to base 3.
-212
1 (base 11) to base 14
1
Convert 3 (base 13) to base 12.
3
Convert 3 (base 11) to base 7.
3
Convert 22 (base 11) to base 4.
120
Convert -1010 (base 4) to base 16.
-44
What is -29 (base 15) in base 5?
-124
What is -27 (base 10) in base 5?
-102
What is -3 (base 6) in base 7?
-3
Convert 1f (base 16) to base 9.
34
Convert 1 (base 10) to base 15.
1
What is 0 (base 14) in base 15?
0
-71 (base 12) to base 8
-125
Convert -2 (base 9) to base 